 -338 + g. What are the prime factors of z?
2, 73
Let a be 177 - (6/(-2) + 3). Suppose a = 5*y + 1227. What are the prime factors of y/(-4)*6/9?
5, 7
Let a be 18/10 - 0 - (-3)/15. Let x(v) = 29*v**2 + 3*v + 4. List the prime factors of x(a).
2, 3, 7
Let a be (-3)/((15/830)/1). Let s = -79 - a. List the prime factors of s.
3, 29
Let g(k) = k**2 + 11*k - 11. Let l(y) = -y**3 + 4*y**2 + 13*y - 21. Let v be l(6). List the prime factors of g(v).
7
Suppose -66*o + 138380 = -6820. What are the prime factors of o?
2, 5, 11
Suppose 4309 = 2*b - 3*q - 1480, -3*b - 4*q = -8658. What are the prime factors of b?
2, 5, 17
Let l = 23 + 7. Let z = l + -24. Suppose z*i + 39 = 255. List the prime factors of i.
2, 3
Let t = 1188 - 212. List the prime factors of t.
2, 61
Let c(j) = -j - 11. Let x be c(-5). Let r(q) = -q**3 - 4*q**2 - 6*q - 4. Let s be r(x). Let v = -72 + s. What are the prime factors of v?
2
Suppose 0 = -21*b + 8206 + 51245. List the prime factors of b.
19, 149
Let m = -8 + 9. What are the prime factors of (-3 + (-30)/4 - m)*-6?
3, 23
Let u(k) = 7*k + 7 - 7 + 1 - 5. Suppose -3*c + 2*r + 12 = -0*c, 0 = 5*r. What are the prime factors of u(c)?
2, 3
Let p = -2710 - -2697. Let s = -6 - 3. Let l = s - p. What are the prime factors of l?
2
Suppose -2*t - 18 = -3*t. Suppose 28 = u - t. What are the prime factors of u?
2, 23
Suppose -9 = -b - 3. Let o(n) = -n - 5. Let s be o(5). List the prime factors of s/6*(-90)/b.
5
Suppose -p = -k - 959, -3*p - 5*k + 2715 = -162. List the prime factors of p.
7, 137
Let w = 2608 + -1799. What are the prime factors of w?
809
Suppose -5*t = -4*r + 1268, -5*r + 835 = -5*t - 745. List the prime factors of r.
2, 3, 13
Let s(h) = -48*h - 37. What are the prime factors of s(-13)?
587
Let h(b) = 2*b + 36. Let i be h(-18). Suppose o = -3*o - 2*v + 176, i = -4*o - 3*v + 180. What are the prime factors of o?
2, 3, 7
Suppose 2*y - 20 = -2*y, 4*r + 118 = 2*y. Let u = r + 29. Suppose 0 = u*q + 2*q - 244. What are the prime factors of q?
61
Let j be 39*3/(18/64). Suppose 269 = 5*r - z - 150, 5*r = 4*z + j. List the prime factors of r.
2, 3, 7
Let h = -3376 + 6538. What are the prime factors of h?
2, 3, 17, 31
Let s(m) = 69*m - 144. What are the prime factors of s(15)?
3, 11
Suppose -2*v = 3*i - 3, 8*v + i - 40 = 3*v. Suppose 0 = -3*x + 24 + v. List the prime factors of x.
11
Let b(y) = 2*y**3 + 8*y**2 + 2*y + 16. Let o be b(-6). List the prime factors of (-1 - 36/20)/(4/o).
2, 7
Let t = -258 + 405. What are the prime factors of t?
3, 7
What are the prime factors of 12/2 - (24/(-3) - 117)?
131
Suppose -9*c + 720 = -5*c. Let b = c + -82. What are the prime factors of (-14)/b + 330/7?
47
Let k(v) = v**2 + 5*v - 7. Suppose 0*j + 2*j + 12 = 0. Let l be k(j). What are the prime factors of 3/((-62)/68 - l)?
2, 17
Let h(v) = 10*v**2 - 3*v + 8. Suppose 0 = 3*t + 5*n - 4, -4*t = 2*n - 10. What are the prime factors of h(t)?
89
Let k(t) = t**3 + 6*t**2 + 3*t - 8. Let z be k(-5). Let h(y) = 13*y**3 + 3*y**2 - 3*y + 4. List the prime factors of h(z).
2, 3, 19
Let s(a) = 79*a**2 - 10*a - 10. List the prime factors of s(-1).
79
List the prime factors of (-7436)/(-12) + 14/(-21).
619
Let w(v) = -87*v + 77. What are the prime factors of w(-14)?
5, 7, 37
Let v = 1577 - -3868. List the prime factors of v.
3, 5, 11
Suppose 6*c - 2*q = 10*c - 1450, -5*q = 15. What are the prime factors of c?
2, 7, 13
Suppose -5*f = 4*l - 747 - 1067, f + 2253 = 5*l. What are the prime factors of l?
11, 41
Suppose -5*u - 2*p = -1396, 2*u - 3*p - 354 = 212. List the prime factors of u.
2, 5, 7
Let n(f) = 94*f - 4. List the prime factors of n(3).
2, 139
Let a(d) = 0*d**3 - 4*d**3 + 3*d**3 + 20 - d**2 + d. Let x be (-15 + 15)/(2 + -3). List the prime factors of a(x).
2, 5
Suppose -2*h = 3*y - 7, -8*h + 9*h - 14 = 2*y. List the prime factors of -2*3/h*(-277 + 13).
2, 3, 11
Suppose 23 = 2*w - 3*z, 4*w + 2*z - 2 = w. Let y = w + 34. What are the prime factors of y?
2, 19
Let m be (2 + 44 - 3)/1. Let f = -52 - -82. Let l = m - f. What are the prime factors of l?
13
Let s = 6245 - 4123. List the prime factors of s.
2, 1061
Suppose 5531 + 8532 = 7*r. List the prime factors of r.
7, 41
Let s(f) = 34*f - 133. What are the prime factors of s(26)?
751
Let l = 77 + -141. Let f = l - -117. Let j = -28 + f. What are the prime factors of j?
5
Suppose w + 20 = 5*l, -l + 3*w - 4 + 8 = 0. Suppose 0 = -0*b - b. Suppose 8*g - l*g - 80 = b. What are the prime factors of g?
2, 5
Let k(h) = -h**3 - 15*h**2 - 22*h - 2. Let t be k(-15). List the prime factors of t/2 + 1*-2.
2, 3
Suppose -10*w - 1265 = -11*w. List the prime factors of w.
5, 11, 23
Let z = -140 + 140. Suppose -5*n + 121 + 44 = -5*v, z = -3*n - 5*v + 131. List the prime factors of n.
37
Suppose 4*m - 2772 = -4*y, -3*m + 5*y + 2152 - 57 = 0. List the prime factors of m.
5, 139
Let x(s) = 3*s + 1. Let d be x(-3). Let m(r) = -r**2 - 16*r + 55. Let g be m(-21). What are the prime factors of g*d*2/10?
2, 5
Let g(v) = 18*v**2 - 6*v + 8. Let h be g(3). Suppose -12 + h = u. List the prime factors of u.
2, 5, 7
What are the prime factors of 2/(-2) + (205 - 4)?
2, 5
Suppose 2*s + t + 39 = 4*s, 0 = -3*s - 4*t + 31. Suppose 3*a + 3164 = s*a. List the prime factors of a.
2, 113
Let o = 708 - 491. Suppose o = 7*k - 77. List the prime factors of k.
2, 3, 7
Let r be 233/11 + -4*2/44. Suppose -4*m = r - 217. List the prime factors of m.
7
Let m = -5628 - -9697. What are the prime factors of m?
13, 313
Suppose 0 = -2*c + 2179 + 2135. What are the prime factors of c?
3, 719
Suppose 5*f - 1509 = k, -3*f - 5*k + 299 + 612 = 0. What are the prime factors of f?
2, 151
Suppose -5*d + 5 = -5. Let b(h) = -6*h**2 + 3*h + 12. Let x(t) = 3*t**2 - t - 6. Let c(n) = d*b(n) + 5*x(n). List the prime factors of c(4).
2, 23
Let t(c) = -c**3 - 6*c**2 + 7*c - 10. Let n be t(-6). Let a = n + 209. What are the prime factors of a?
157
Let p = -14 + 29. Let v = 17 - p. What are the prime factors of (-21)/(2 - (1 + v))?
3, 7
Suppose h = a - 3*h - 550, -4*h - 1634 = -3*a. What are the prime factors of a?
2, 271
Suppose 5*z = 108 + 77. Suppose -k - 4 + z = 0. What are the prime factors of k?
3, 11
Suppose -c + 5*j + 20 = 0, 5*c + 3*j + 15 = 3. Suppose c*d = d - 4. Suppose -2*h = 2*h, 0 = -4*k + d*h + 112. What are the prime factors of k?
2, 7
Suppose 12 = 2*k + 4*k. Suppose 5*s = k*o + 927, 195 + 12 = s + 5*o. List the prime factors of s.
11, 17
List the prime factors of 7852/(-39)*(-1 - 2).
2, 151
Let y(o) = -o**3 + 9*o**2 - 7*o + 6. Suppose -3*c = 3 - 153. Let g be c/8 + (-5)/20. What are the prime factors of y(g)?
2, 3
Suppose 8*j - 5*j = 45. Let x = j + -40. Let u = -7 - x. List the prime factors of u.
2, 3
Let v = -590 - -1064. List the prime factors of v.
2, 3, 79
Suppose 4*d + 3*m + 6 = 0, -2*m - 10 = 3*d + 3*m. Suppose 0 = -r + 5*l - 8, 2*r + l + 1 + 4 = d. List the prime factors of 18*r*(-2)/6.
2, 3
Let d = -8 - -16. Suppose 0 = -4*q - d + 24. Suppose 3*x + q*m - 25 = 0, -2*x - 3*x + 47 = 4*m. What are the prime factors of x?
11
Let v(s) = -3*s**3 - 5*s**2 - 11*s - 19. What are the prime factors of v(-7)?
2, 421
Let m(v) = -v**3 - 10*v**2 - 21*v + 3. Let l be m(-7). Suppose -6 = l*r + 2*r + 4*s, -3*r = -4*s - 22. List the prime factors of r.
2
Let s(f) = 5*f**2 + 2*f + 24. Let d(p) = -p**2 - 8*p - 18. Let w be d(-6). What are the prime factors of s(w)?
2, 3
Suppose -2*g + 4*g - 565 = 5*v, 4*g - 1135 = 5*v. Suppose g = 5*d - a + 35, -25 = -5*a. Suppose -4*w + d = -9. List the prime factors of w.
3, 5
Suppose 3 = 5*r - 2. Let i = r + -4. Let f = i + 11. List the prime factors of f.
2
Let y = 1508 - 584. List the prime factors of y.
2, 3, 7, 11
Let l(f) = -180*f + 296. List the prime factors of l(-19).
2, 929
Let s = 35 - 29. List the prime factors of (-1 - -20)*(-3 + s).
3, 19
Suppose 17830 = -65*l + 75*l. List the prime factors of l.
1783
Suppose -163 = -5*v - 38. List the prime factors of 31 - v/(0 + -5).
2, 3
Suppose 0 = -4*y + y - 18. Let n(k) = k**2 + 5*k - 2. Let m be n(y). Let w = 12 + m. List the prime factors of w.
2
Let w = -308 + 762. Suppose 3*v - 5*v = -w. What are the prime factors of v?
227
Suppose l + 4088 = 3*o - 15752, 3*o - 5*l = 19832. What are the prime factors of o?
2, 3307
Let n(m) = m**2 - 21*m - 126. What are the prime factors of n(26)?
2
Su